l - 2*o + o**2 + 4. Give p(3).
-4
Let c be 12/6 + 0 + 0. Let k(z) = -2*z. Let o be k(c). Let a(t) = -t**2 - 4*t. Calculate a(o).
0
Let t(n) = 2*n + 17. Let r be t(-7). Suppose -r*k + 18 = -0*k. Let v(j) = j**3 - 5*j**2 - 7*j. Determine v(k).
-6
Let m(d) = -d**3 - 3*d**2 + 5*d + 2. Let l be -3 + ((-6)/(-4))/((-15)/10). Calculate m(l).
-2
Let t(h) = 25*h**2 - 1. Let q = 56 + -57. Give t(q).
24
Let m(c) = -22*c**3 + 2*c + 21*c**3 - 7*c + 5*c**2. Give m(4).
-4
Let m(w) be the third derivative of -1/60*w**5 + 1/24*w**4 - 1/120*w**6 - 1/6*w**3 + 4*w**2 + 0 + 0*w. What is m(0)?
-1
Let r(v) = 2*v. Suppose 2*b - 6*b + 24 = 0. Suppose b*h = h + 3*u + 27, -4*u = -4*h + 28. Suppose -n - h*n + 8 = 0. Calculate r(n).
4
Let c(l) = -2*l**2 + 1. Let d(g) be the first derivative of 4*g**3/3 - 2*g + 9. Let r(s) = -5*c(s) - 3*d(s). Let f = 2 - 1. Calculate r(f).
-1
Let s(g) = -g**2 + g - 1. Let o(c) = 5*c**2 - 9*c + 8. Let j(v) = o(v) + 4*s(v). Let q be j(3). Let d(h) = -3*h**2 - h + 2. Calculate d(q).
-8
Let i(k) = -8*k - 2. Let u(y) = -4*y - 1. Let b(f) = -6*i(f) + 13*u(f). Calculate b(-1).
3
Let k(o) = o**3 + 6*o**2 + 3. Let w be k(-6). Let c(i) be the first derivative of 3*i**2/2 - 3*i - 6. Calculate c(w).
6
Suppose -4*d - 4 + 24 = 0. Let o(a) = -a**3 + 4*a**2 + 6*a - 7. Determine o(d).
-2
Let a(p) be the first derivative of -p**3/3 + 7*p**2/2 - 5*p - 59. Determine a(6).
1
Let o(s) be the second derivative of s**5/30 - s**4/12 - s**3/3 + s**2 + 4*s. Let l(v) be the first derivative of o(v). Determine l(-2).
10
Suppose 8*r = 4*r + 16. Let d(g) = -10*g**3 - 3*g + r*g + 0 + 0 - g**2. What is d(1)?
-10
Suppose -3*s = -3*o + 12, 2 + 4 = -3*s. Let u(d) = -2*d. Give u(o).
-4
Suppose -4*i + 0*i = -8. Let k(f) be the first derivative of -2*f + 2*f + 3*f**i - 1 - 4*f + 3*f. Calculate k(1).
5
Let n(q) = 0 - 3*q + 2*q + 1. Let y be 6/(-9) + (-26)/6. Let u = y + -1. What is n(u)?
7
Let n(w) = -3*w + 11. Let p(c) = 8*c - 32. Let g(l) = -11*n(l) - 4*p(l). Calculate g(-5).
2
Let i(h) be the third derivative of h**5/60 - h**4/8 - 5*h**3/6 + 2*h**2. Let f = 15 - 11. What is i(f)?
-1
Let i(r) be the second derivative of r**6/720 - 7*r**5/120 - 5*r**4/12 + 5*r. Let n(u) be the third derivative of i(u). What is n(5)?
-2
Let f(p) be the first derivative of -3*p + 1 - 3/2*p**2. Give f(-3).
6
Let i be ((-16)/(-6))/((-1)/(-3)). Suppose -42 = 3*h - 0*x + 3*x, x + 66 = -5*h. Let v = h + i. Let q(p) = p + 6. Calculate q(v).
1
Let l(m) = -m**2 - 6*m - 4. Let k(g) = 6*g**2 + 18*g + 14. Let n(q) = -q**2 - 1. Let r(z) = k(z) + 3*n(z). Let y(t) = 17*l(t) + 6*r(t). Give y(-5).
-7
Let g(l) = -l + 2. Let s(d) = -4*d**2. Let v be s(-1). Calculate g(v).
6
Let h be (-42)/(-12) + 1/(-2). Let k(b) = -1 - 1 - 3*b - b**2 + 0*b**2 - b**h - 1. Give k(-2).
7
Let j(u) be the first derivative of u**3/3 + 5*u**2/2 + 4*u - 1. Calculate j(-6).
10
Suppose -5*b - 31 = -5*w - b, -2*w + b = -10. Let q(a) = -4*a + 2. Determine q(w).
-10
Let g(r) = r**2 + 9*r - 3. Let f(z) = z + 9. Let x be f(-6). Suppose 5*o = -4*m - 54 - 3, -2*o - 9 = -x*m. Let d be g(o). Let n(a) = a**2 + 3*a - 3. Give n(d).
-3
Let a(g) = -4*g + 11. Suppose 0 = 2*k - 5*k - 27. Let p(o) = 2*o - 5. Let r(c) = k*p(c) - 4*a(c). Calculate r(3).
-5
Let x(q) = q**3 + 2. Let y(v) be the second derivative of v**3/6 + 9*v**2/2 - 5*v. Let d be y(-9). Calculate x(d).
2
Let k(m) = -m**2 + 2*m + 2. Let y = -15 - -19. Suppose -2 = -y*t + 14. Determine k(t).
-6
Let v(b) be the second derivative of -b**3/2 - 2*b. Calculate v(-1).
3
Suppose -2*n - 3*q = -12, 12 = -n - 4*n + 3*q. Let m(s) be the second derivative of -1/6*s**3 + s**2 + 0 - 3*s. Calculate m(n).
2
Let t = 23 - 15. Let q(d) = -2 - t*d**2 + 2*d + 4*d**2 - d**3 + 6*d**2 + d. What is q(3)?
-2
Let v(x) = -x**3 + 5*x**2 - 3*x + 5. Let a = 7 + -5. Suppose 5*k + a*z = 10, 13 = -3*k + 5*z + 50. Determine v(k).
9
Let w = -1 - 1. Let y be ((-18)/(-15))/(4/10). Let o(r) = 3 + y + r**2 - 6. Calculate o(w).
4
Let x = 6 + -4. Let c be ((-5)/((-5)/4))/1. Let y(f) = -f**x - 3 - c - 8*f + 3. Determine y(-5).
11
Let g(o) = -o**3 + 7*o**2 - 5*o - 5. Suppose 4*k + 45 = -3*x, -5*k - 2 = x + 57. Let n = 18 + k. Give g(n).
1
Let g(o) = -3*o + 2. Let i(m) = 4*m - 3. Let z(c) = -8*g(c) - 5*i(c). Suppose -x - 5 = d, -2*d - 16*x - 14 = -12*x. Give z(d).
-13
Let i(w) be the third derivative of -w**5/60 + 5*w**4/24 + w**3/3 - 19*w**2. What is i(6)?
-4
Suppose -l + 3*l = -12. Let r(i) = -i - 7. Give r(l).
-1
Let r(w) = 2*w**2 - 8*w - 5. Let d(t) = -t**2 + 4*t + 2. Let x(y) = 7*d(y) + 4*r(y). Give x(6).
6
Let q(l) = 2*l - 3. Let s be q(3). Suppose -2*v + 18 = -s*g, -6*v = -v. Let f(y) = y + 1. Determine f(g).
-5
Let t(i) = i + 8. Suppose 2*q + 16 = -4*z + 6*z, 0 = 3*z - 9. Let y be t(q). Let x(f) = 5*f + f**3 + 0*f**y - 5 - 3*f - 4*f**2. Determine x(4).
3
Let z(t) = t**3 + 4*t**2 - t - 2. Let g be (4 + -4)*2/4. Suppose -k - 3*k - 12 = g. Let f(v) = 2*v**3 + 5*v**2 - 2*v - 2. Let m(y) = k*z(y) + 2*f(y). Give m(2).
0
Let n(v) be the second derivative of -v**4/3 + v**3/6 - 5*v. Give n(1).
-3
Suppose 5 + 1 = 3*s. Let f(d) be the first derivative of -s*d + 1 + 5/3*d**3 + d**2 + 1/4*d**4. Determine f(-2).
6
Let i(m) be the second derivative of -m**3/3 + 2*m**2 + 7*m. Let u(p) = 3*p - 1. Let v be u(2). Determine i(v).
-6
Suppose 5*r - 5*f - 55 = 0, f - 6 = 4*r - 41. Let x = r - 6. Let y(l) = l**2 - l - 2. Determine y(x).
0
Let q(t) be the third derivative of -t**6/120 + 7*t**5/60 - t**4/4 - 5*t**3/6 - 5*t**2. Determine q(6).
-5
Suppose 0 = 4*d - 3*d - 4. Let o(q) = -q**2 - 4*q + 2. Let h be o(-4). Suppose -5*y + v + 16 = d*v, -4*y - h = -5*v. Let a(z) = -z**2 + 3*z - 1. Calculate a(y).
1
Let b(w) = -5*w**2 + 9*w - 3*w**2 + 13*w**2 - 7 + 32*w**3. Let u(m) = -16*m**3 - 2*m**2 - 4*m + 3. Let j(k) = 3*b(k) + 7*u(k). Give j(1).
-16
Let i(v) = 4*v - 2. Let k(s) = 11*s - 7. Let w(j) = 5*j - 3. Let o be w(2). Let h(a) = o*i(a) - 2*k(a). What is h(1)?
6
Let s(k) = -k**2 - 4*k - 5. Let q be s(-4). Let c(f) = -f**3 - 6*f**2 - 5*f - 4. Give c(q).
-4
Let o(s) = 4*s**2 + 9*s - 4. Let l(u) = -5*u**2 - 9*u + 5. Let j(x) = -5*l(x) - 6*o(x). Give j(7).
-15
Let d(y) = y - 5. Suppose -2*h + 9 = -11. Let s be 51/5 + (-2)/h. Let l be d(s). Let i(g) = g**2 - 7*g + 4. Give i(l).
-6
Let v(l) be the second derivative of -l**4/12 + 7*l**3/6 - 9*l**2/2 + 2*l. What is v(6)?
-3
Suppose 2*j = 10 - 0, 5*q = 3*j. Let y(z) = 4*z**2 + 4*z - 7. Let i(t) = 9*t**2 + 7*t - 15. Let u(n) = q*i(n) - 7*y(n). What is u(-7)?
4
Let w(n) = -n**2 - 8*n + 2. Let h(p) = 5*p**2 + 33*p - 8. Let o(u) = -2*h(u) - 9*w(u). Let a be (-2)/3 + (-28)/(-6). Calculate o(a).
6
Let p = -1 - -3. Let f(o) = 6*o - o**2 - 2*o**2 + 1 + 4*o**p. Give f(-5).
-4
Let d(o) = o**2 + 3*o - 6*o + 0*o**2 - 2 + 0. Let w(a) = -a + 3. Let g be w(0). Give d(g).
-2
Let d(c) = c**2 - 12*c - 26. Let p be d(14). Let n(b) = -2*b**3 + 3*b + 3*b**2 - 4*b + b**3 - 1. Give n(p).
1
Let a(h) be the third derivative of 0 - 3*h**2 - 1/2*h**3 - 1/30*h**5 - 1/24*h**4 + 0*h + 1/360*h**6. Let g(j) be the first derivative of a(j). Determine g(5).
4
Let k(v) = v**3 + 3*v**2 + 2*v + 2. Let x be k(-3). Let l = 12 + -2. Let g be x/6*(-75)/l. Let i(a) = a**2 - 2*a - 5. Determine i(g).
10
Suppose -2*z - 3 = -5*l, -6 + 15 = 3*z - 3*l. Let y(f) = -3*f - z*f + 2*f - 1 + 3*f. Determine y(1).
-5
Let k(i) be the third derivative of -i**9/60480 - i**8/10080 + i**7/2520 - i**5/20 + i**2. Let q(o) be the third derivative of k(o). Give q(-3).
3
Suppose -5*a = -2*a + 6. Let k(c) = c**3 + 2*c**2 - 3*c - 2. Calculate k(a).
4
Let l(a) = a**3 + 5*a**2 + a - 4. Suppose -17 = 4*x - 45. Let u = 2 - x. Give l(u).
-9
Suppose -s + 5*y = -33, 0 = -2*y - 4 - 6. Suppose 4*p - s = -0*p. Let k(r) = -r**3 + 2*r**2 - 3*r + 2. Calculate k(p).
-4
Let b(p) be the first derivative of -p**4/4 + p**3/3 + p**2 + p + 34. What is b(3)?
-11
Let u(p) = -p + 2. Let n = 59 + -65. Determine u(n).
8
Suppose -n + 40 = -8*r + 3*r, 0 = -n + 2*r + 28. Let q be ((-8)/(-20))/((-4)/n). Let x(z) = z**3 + 2. Calculate x(q).
-6
Let p(q) = q**3 + 6*q**2 + 2*q - 1. Let m(n) = -n**3 + 12*n**2 - n + 7. Let c be m(12). What is p(c)?
14
Let a(n) = n**2 + 7*n + 7. Let p be 1 - (-2)/(-4)*-2. Suppose 0 = x - 6 + p. Let b = x - 9. Calculate a(b).
-3
Let v(r) = -2*r + 10*r - r + 1. Let d(g) = -8*g - 2